96?
5
What is the millions digit of 4081848?
4
What is the thousands digit of 802538?
2
What is the hundreds digit of 794592?
5
What is the units digit of 1180467?
7
What is the ten thousands digit of 8523169?
2
What is the ten thousands digit of 132266?
3
What is the tens digit of 470142?
4
What is the hundreds digit of 379827?
8
What is the hundred thousands digit of 3156088?
1
What is the hundreds digit of 36295?
2
What is the millions digit of 21683963?
1
What is the tens digit of 3334301?
0
What is the millions digit of 1352401?
1
What is the ten thousands digit of 736558?
3
What is the millions digit of 2482047?
2
What is the units digit of 5909193?
3
What is the hundreds digit of 4077960?
9
What is the hundred thousands digit of 306464?
3
What is the hundreds digit of 165920?
9
What is the tens digit of 1055030?
3
What is the tens digit of 510293?
9
What is the ten thousands digit of 15466420?
6
What is the ten thousands digit of 887649?
8
What is the tens digit of 4691877?
7
What is the thousands digit of 7013031?
3
What is the ten thousands digit of 192091?
9
What is the thousands digit of 176998?
6
What is the hundred thousands digit of 6785544?
7
What is the millions digit of 28729496?
8
What is the units digit of 9217?
7
What is the hundred thousands digit of 358095?
3
What is the hundred thousands digit of 7384460?
3
What is the ten millions digit of 15765412?
1
What is the hundred thousands digit of 1664533?
6
What is the hundred thousands digit of 1036548?
0
What is the units digit of 1875?
5
What is the hundreds digit of 1221338?
3
What is the ten thousands digit of 150726?
5
What is the hundred thousands digit of 2293978?
2
What is the units digit of 2188244?
4
What is the tens digit of 336822?
2
What is the hundreds digit of 19413138?
1
What is the hundreds digit of 20236229?
2
What is the units digit of 3479550?
0
What is the tens digit of 1599578?
7
What is the tens digit of 1108173?
7
What is the thousands digit of 448560?
8
What is the hundred thousands digit of 1225571?
2
What is the hundred thousands digit of 2446610?
4
What is the tens digit of 32077?
7
What is the hundred thousands digit of 6922376?
9
What is the units digit of 89526?
6
What is the tens digit of 21220?
2
What is the hundreds digit of 385699?
6
What is the tens digit of 20057884?
8
What is the thousands digit of 5111376?
1
What is the thousands digit of 11078?
1
What is the hundred thousands digit of 29786779?
7
What is the hundreds digit of 263805?
8
What is the tens digit of 3632845?
4
What is the tens digit of 926574?
7
What is the hundred thousands digit of 24606077?
6
What is the ten thousands digit of 7880831?
8
What is the units digit of 25525494?
4
What is the units digit of 140872?
2
What is the hundred thousands digit of 1650392?
6
What is the hundreds digit of 245360?
3
What is the units digit of 15796552?
2
What is the hundred thousands digit of 1837336?
8
What is the tens digit of 7461326?
2
What is the units digit of 22987?
7
What is the tens digit of 68880?
8
What is the hundreds digit of 769162?
1
What is the hundred thousands digit of 3331187?
3
What is the thousands digit of 1681569?
1
What is the ten millions digit of 25617947?
2
What is the millions digit of 7149554?
7
What is the hundreds digit of 11178630?
6
What is the hundred thousands digit of 12235882?
2
What is the hundred thousands digit of 783984?
7
What is the hundred thousands digit of 912743?
9
What is the hundred thousands digit of 13893817?
8
What is the tens digit of 8113182?
8
What is the millions digit of 1047173?
1
What is the hundred thousands digit of 423584?
4
What is the tens digit of 2000999?
9
What is the ten thousands digit of 342590?
4
What is the ten thousands digit of 127716?
2
What is the thousands digit of 4409?
4
What is the ten thousands digit of 34795678?
9
What is the hundred thousands digit of 4332316?
3
What is the ten thousands digit of 444171?
4
What is the tens digit of 1039153?
5
What is the hundreds digit of 126681?
6
What is the millions digit of 3925909?
3
What is the thousands digit of 1110106?
0
What is the units digit of 411896?
6
What is the tens digit of 70143?
4
What is the tens digit of 7341?
4
What is the tens digit of 1124966?
6
What is the units digit of 302497?
7
What is the hundred thousands digit of 760194?
7
What is the ten thousands digit of 628890?
2
What is the units digit of 66794?
4
What is the ten thousands digit of 305011?
0
What is the ten thousands digit of 381764?
8
What is the hundreds digit of 1140115?
1
What is the thousands digit of 169674?
9
What is the tens digit of 2375500?
0
What is the millions digit of 1040307?
1
What is the hundreds digit of 198788?
7
What is the ten thousands digit of 8928313?
2
What is the units digit of 994717?
7
What is the hundreds digit of 1567855?
8
What is the millions digit of 17124693?
7
What is the tens digit of 26188407?
0
What is the hundred thousands digit of 2252695?
2
What is the hundreds digit of 1216764?
7
What is the thousands digit of 68015?
8
What is the thousands digit of 258838?
8
What is the hundreds digit of 228880?
8
What is the tens digit of 374400?
0
What is the ten thousands digit of 1034812?
3
What is the ten thousands digit of 809351?
0
What is the units digit of 5806644?
4
What is the ten thousands digit of 98114?
9
What is the units digit of 300812?
2
What is the hundreds digit of 6137604?
6
What is the thousands digit of 10448390?
8
What is the ten thousands digit of 139464?
3
What is the millions digit of 1506009?
1
What is the ten thousands digit of 1117275?
1
What is the millions digit of 5358317?
5
What is the units digit of 5869172?
2
What is the thousands digit of 184398?
4
What is the ten thousands digit of 414814?
1
What is the hundred thousands digit of 555624?
5
What is the hundred thousands digit of 23768171?
7
What is the thousands digit of 702556?
2
What is the thousands digit of 75233?
5
What is the millions digit of 9016926?
9
What is the units digit of 903018?
8
What is the hundreds digit of 30110?
1
What is the ten thousands digit of 2034172?
3
What is the thousands digit of 3962491?
2
What is the hundreds digit of 185962?
9
What is the hundred thousands digit of 1356136?
3
What is the thousands digit of 34705?
4
What is the tens digit of 19200364?
6
What is the ten thousands digit of 2421088?
2
What is the tens digit of 1117441?
4
What is the ten thousands digit of 522986?
2
What is the hundreds digit of 8510?
5
What is the thousands digit of 346553?
6
What is the tens digit of 641846?
4
What is the hundred thousands digit of 1293419?
2
What is the ten thousands digit of 1556620?
5
What is the hundred thousands digit of 2130175?
1
What is the units digit of 8079?
9
What is the hundred thousands digit of 20341686?
3
What is the hundreds digit of 2473851?
8
What is the units digit of 1699084?
4
What is the tens digit of 812825?
2
What is the millions digit of 1261757?
1
What is the tens digit of 6710564?
6
What is the tens digit of 1154867?
6
What is the tens digit of 197811?
1
What is the hundreds digit of 7846473?
4
What is the ten thousands digit of 2897467?
9
What is the units digit of 19523466?
6
What is the millions digit of 2613715?
2
What is the tens digit of 16920767?
6
What is the hundreds digit of 7067593?
5
What is the thousands digit of 881900?
1
What is the tens digit of 58161?
6
What is the ten thousands digit of 796244?
9
What is the hundred thousands digit of 246953?
2
What is the hundreds digit of 237173?
1
What is the thousands digit of 5247716?
7
What is the hundreds digit of 48106?
1
What is the tens digit of 79529?
2
What is the tens digit of 107384?
8
What is the ten millions digit of 11818811?
1
What is the ten thousands digit of 1086104?
8
What is the millions digit of 8404774?
8
What is the thousands digit of 9960?
9
What is the tens digit of 10866245?
4
What is the hundred thousands digit of 322686?
3
What is the hundred thousands digit of 206984?
2
What is the ten thousands digit of 2208316?
0
What is the tens digit of 88759?
5
What is the thousands digit of 9352597?
2
What is the ten thousands digit of 2001795?
0
What is the hundreds digit of 2750779?
7
What is the ten thousands digit of 13478521?
7
What is